s of 404038916.
2, 101009729
List the prime factors of 853296355.
5, 170659271
What are the prime factors of 216809381?
17, 31, 37, 11119
What are the prime factors of 1065839150?
2, 5, 21316783
List the prime factors of 490659327.
3, 191, 285433
List the prime factors of 578781069.
3, 192927023
List the prime factors of 4068193525.
5, 11, 569, 25999
List the prime factors of 1333378170.
2, 3, 5, 17, 59, 14771
List the prime factors of 128760683.
47, 137, 19997
What are the prime factors of 1735702?
2, 67, 12953
List the prime factors of 129267922.
2, 7, 631, 14633
List the prime factors of 18652979.
31, 53, 11353
List the prime factors of 80554403.
80554403
What are the prime factors of 7652164?
2, 13, 31, 47, 101
What are the prime factors of 98568744?
2, 3, 167, 24593
What are the prime factors of 373910043?
3, 13, 641, 14957
What are the prime factors of 46706392?
2, 5838299
List the prime factors of 4498380223.
4498380223
What are the prime factors of 558502488?
2, 3, 757, 10247
What are the prime factors of 112929900?
2, 3, 5, 31, 12143
What are the prime factors of 1455135683?
1455135683
What are the prime factors of 4783868876?
2, 67, 17850257
What are the prime factors of 168949359?
3, 137, 263, 521
What are the prime factors of 85885449?
3, 13, 73, 97, 311
List the prime factors of 1128352219.
557, 2025767
What are the prime factors of 16971805?
5, 107, 31723
What are the prime factors of 240171742?
2, 19, 277, 22817
What are the prime factors of 2287740414?
2, 3, 37, 10305137
List the prime factors of 1871669209.
2417, 774377
What are the prime factors of 30928762?
2, 31, 223, 2237
What are the prime factors of 232900571?
113, 2061067
List the prime factors of 2639363578.
2, 9533, 138433
List the prime factors of 313804486.
2, 1201, 130643
List the prime factors of 160658784.
2, 3, 11, 13, 47, 83
List the prime factors of 26993963.
31, 870773
What are the prime factors of 610001110?
2, 5, 61000111
List the prime factors of 2546317177.
41, 79, 839, 937
List the prime factors of 152886981.
3, 13, 3920179
List the prime factors of 1093813854.
2, 3, 7, 619, 42073
List the prime factors of 630691756.
2, 157672939
List the prime factors of 120883798.
2, 7, 8634557
List the prime factors of 276107626.
2, 138053813
What are the prime factors of 258654973?
29, 181, 49277
List the prime factors of 705062709.
3, 13, 17, 113, 3137
List the prime factors of 1486097178.
2, 3, 401, 523, 1181
List the prime factors of 8894674620.
2, 3, 5, 13, 3801143
List the prime factors of 8220178.
2, 4110089
List the prime factors of 61314530.
2, 5, 6131453
What are the prime factors of 347452316?
2, 19, 4571741
What are the prime factors of 117247579?
2459, 47681
List the prime factors of 4624612384.
2, 7, 41, 503551
List the prime factors of 2683009196.
2, 7, 83, 401, 2879
List the prime factors of 179671758.
2, 3, 7, 41, 103, 1013
What are the prime factors of 652732091?
11, 59339281
List the prime factors of 418588925.
5, 16743557
What are the prime factors of 69248177?
69248177
What are the prime factors of 103058233?
17, 6062249
List the prime factors of 81900442.
2, 13, 242309
What are the prime factors of 249787230?
2, 3, 5, 7, 11, 71, 1523
What are the prime factors of 49673226?
2, 3, 691, 11981
List the prime factors of 100850921.
5923, 17027
What are the prime factors of 108567158?
2, 7, 7754797
List the prime factors of 294492456.
2, 3, 89, 15319
What are the prime factors of 16196587?
11, 29, 50773
What are the prime factors of 27982823?
11, 281, 823
List the prime factors of 367846088.
2, 1103, 41687
What are the prime factors of 161027660?
2, 5, 19, 22303
List the prime factors of 407829268.
2, 7, 11, 67, 19763
List the prime factors of 171954756.
2, 3, 4776521
What are the prime factors of 29427584?
2, 229903
What are the prime factors of 646272758?
2, 323136379
List the prime factors of 124705033.
31, 1187, 3389
What are the prime factors of 1043605299?
3, 11, 17, 73, 1499
What are the prime factors of 12144741?
3, 7, 167, 3463
What are the prime factors of 695375998?
2, 47, 7397617
List the prime factors of 6467069355.
3, 5, 59, 401, 18223
List the prime factors of 4303680759.
3, 7, 3299, 20707
List the prime factors of 2553489413.
2553489413
What are the prime factors of 3840315273?
3, 142233899
List the prime factors of 947441069.
947441069
What are the prime factors of 1013477093?
1013477093
List the prime factors of 1189536420.
2, 3, 5, 19, 1043453
What are the prime factors of 502264728?
2, 3, 7, 17, 31, 61
List the prime factors of 315138901.
7, 11, 31, 47, 53
What are the prime factors of 4948897527?
3, 7, 26184643
List the prime factors of 10510107.
3, 109, 32141
What are the prime factors of 50331219?
3, 47, 356959
List the prime factors of 1926575462.
2, 7, 1321, 104173
What are the prime factors of 51271661?
7, 2467, 2969
List the prime factors of 1007705099.
271, 643, 5783
List the prime factors of 24442223.
13, 281, 6691
What are the prime factors of 971455108?
2, 13, 29, 644201
List the prime factors of 3542455642.
2, 11, 607, 265273
List the prime factors of 5346769067.
5346769067
What are the prime factors of 33909078?
2, 3, 7, 115337
What are the prime factors of 169110105?
3, 5, 11274007
List the prime factors of 325007712.
2, 3, 1128499
List the prime factors of 5188219202.
2, 139, 18662659
What are the prime factors of 52250238?
2, 3, 223, 4339
List the prime factors of 17592544.
2, 549767
What are the prime factors of 722299104?
2, 3, 911, 2753
List the prime factors of 2001014049.
3, 47, 61, 83, 2803
What are the prime factors of 1168521127?
383, 3050969
List the prime factors of 49032661.
2333, 21017
List the prime factors of 232247837.
6449, 36013
List the prime factors of 98337567.
3, 32779189
List the prime factors of 84929230.
2, 5, 229, 37087
List the prime factors of 294301278.
2, 3, 887, 18433
What are the prime factors of 51110376?
2, 3, 2129599
What are the prime factors of 1859842369?
7, 11, 41, 577, 1021
What are the prime factors of 631059695?
5, 7, 1453, 12409
What are the prime factors of 443468632?
2, 43, 1289153
What are the prime factors of 2563382043?
3, 17, 83, 97, 2081
List the prime factors of 66539064.
2, 3, 19, 41, 3559
List the prime factors of 91871688.
2, 3, 19, 201473
What are the prime factors of 3249530109?
3, 7, 1097, 2239
What are the prime factors of 15398913?
3, 29, 263, 673
List the prime factors of 137669693.
7, 83, 211, 1123
List the prime factors of 92502617.
1091, 84787
What are the prime factors of 21522213?
3, 797119
What are the prime factors of 186484819?
29, 6430511
What are the prime factors of 11794422?
2, 3, 293, 6709
What are the prime factors of 46649929?
109, 139, 3079
What are the prime factors of 117142449?
3, 43, 908081
List the prime factors of 175137776.
2, 11, 139, 7159
List the prime factors of 30992154.
2, 3, 19, 271861
List the prime factors of 275988490.
2, 5, 19, 53, 27407
List the prime factors of 331446746.
2, 9851, 16823
What are the prime factors of 368363509?
368363509
What are the prime factors of 317732512?
2, 9929141
What are the prime factors of 145433997?
3, 17, 59, 16111
List the prime factors of 1723429830.
2, 3, 5, 401, 143261
List the prime factors of 17122176.
2, 3, 89, 167
What are the prime factors of 109971359?
109971359
What are the prime factors of 242010377?
7, 37, 934403
List the prime factors of 32747037.
3, 43, 253853
What are the prime factors of 1363958139?
3, 199, 2284687
List the prime factors of 67706180.
2, 5, 67, 50527
What are the prime factors of 1072582495?
5, 1117, 192047
List the prime factors of 2955159310.
2, 5, 47, 6287573
What are the prime factors of 3377989667?
13, 259845359
What are the prime factors of 312311337?
3, 13, 151, 181, 293
What are the prime factors of 31406250?
2, 3, 5, 67
What are the prime factors of 281572235?
5, 7, 8044921
List the prime factors of 272924107.
89, 3066563
List the prime factors of 1445200934.
2, 1279, 564973
What are the prime factors of 898324278?
2, 3, 107, 149, 9391
What are the prime factors of 140002499?
7, 13, 173, 8893
List the prime factors of 4115287771.
7, 1847, 318299
What are the prime factors of 40675868?
2, 23, 47, 409
List the prime factors of 673333685.
5, 19, 708772